*2 - 4*l + 13. What are the prime factors of h(7)?
2, 17
Let p(z) = z**3 + 6*z**2 + z + 8. Let h be p(-6). Suppose -30 = h*v - 5*v. What are the prime factors of (-3)/(-15) - (-118)/v?
2, 3
Let f = 53 + -38. List the prime factors of f.
3, 5
List the prime factors of (-1)/2 - (-915)/10.
7, 13
Suppose 0 = 23*t - 22*t - 242. List the prime factors of t.
2, 11
Let k = 49 + -34. Let o = k + 3. What are the prime factors of o?
2, 3
Let y(n) = 2*n - 7. Let m be y(5). Suppose 3 = m*b + 2*f + 1, 4*f = -4*b. Suppose a + 3*c = -4, -a + b = -0*c + c. What are the prime factors of a?
5
Let h be (-12)/10*5/(-2). Suppose 0 = h*a - 2*a - 30. What are the prime factors of a?
2, 3, 5
Let p(l) = -1. Let g(q) = -q + 5. Let w(x) = g(x) + 5*p(x). Let c be w(-3). Suppose j - c*j + 14 = 0. List the prime factors of j.
7
Let y = 498 - 271. List the prime factors of y.
227
Let n = 130 + -68. List the prime factors of n.
2, 31
Let w(q) = 2*q - 11. Let j = 12 - 1. What are the prime factors of w(j)?
11
Let a = -5 + 11. List the prime factors of 23/3 - a/(-18).
2
Let a be (2 - 7)*(-6)/15. Suppose o + 97 = 4*q, a*o - 7*o + 140 = 5*q. What are the prime factors of q?
5
Suppose -2*c + 0 = -6. Let h(b) = -b**2 + 4*b + 1. Let u be h(c). List the prime factors of u/(-8) - (-58)/4.
2, 7
Suppose -g + 3*h - 35 = -2*g, 2*h = -5*g + 123. List the prime factors of g.
23
Let u(p) = 3*p**2 + 3*p - 5. List the prime factors of u(2).
13
Suppose -2*f = q - 634, 0*q - 5*q = 5*f - 1595. What are the prime factors of f?
3, 5, 7
Suppose 5*b = 4*t - 139, 4*t + 2*b = 34 + 140. What are the prime factors of t?
41
Suppose -l + j + 2*j + 9 = 0, -23 = -4*l - j. Suppose -l = -3*p - 0. List the prime factors of p.
2
Let q(j) = j**3 + 8*j**2 + 7*j + 5. Let x be q(-7). Suppose -x*y = 2*l - 11, -3*l + 3*y - 2*y = -8. Let u = l - -5. List the prime factors of u.
2
Let n(d) be the first derivative of 2*d**3/3 - d**2/2 - 6*d + 1. What are the prime factors of n(3)?
3
Suppose 0 = 2*m + 3*o + 2, -m + 0*o - 4*o = 6. What are the prime factors of 1*16 - 2/m?
3, 5
Let r(v) = 2*v**3 - 4*v**2 + 4*v + 1. What are the prime factors of r(4)?
3
Suppose 5*r + 5*a = 10, -3*r + 1 = 2*a - 2. Let v = r + 3. Suppose -v*c - 72 = -7*c + 2*k, -28 = -3*c + 5*k. What are the prime factors of c?
2
Let w be ((-12)/(-30))/((-1)/(-85)). Suppose 5*f + w = 3*f. Let v = 30 + f. What are the prime factors of v?
13
Let r(i) = -i**2 - 7*i + 2. Let o be r(-7). Suppose c = y + 4, -8 = -o*c + 4*y + y. Suppose 5 = -c*l + 69. List the prime factors of l.
2
Let a(c) = -c - 1. Let l be a(-7). Suppose -265 = -l*j - 79. What are the prime factors of j?
31
Let u(k) = -5*k**3 + k**2 - 1. Let b be (-7)/(-21) - 8/6. What are the prime factors of u(b)?
5
Let q(o) = -o**2 + 7*o + 2. Suppose 5*v - 15 - 20 = 0. What are the prime factors of q(v)?
2
Let x = -192 + 410. What are the prime factors of x?
2, 109
What are the prime factors of -2 + 32 + -3 - -2?
29
Let g(r) be the second derivative of 7*r**4/24 - r**3/3 + r**2 - 2*r. Let m(n) be the first derivative of g(n). List the prime factors of m(2).
2, 3
Let f be 1*(1 - 3) + -5. Let n = f + 8. Let u(z) = 4*z**2 + 2*z - 1. What are the prime factors of u(n)?
5
Suppose 0 = -2*c - 3*c + 80. Let d = c - 6. List the prime factors of d.
2, 5
Let t(q) be the first derivative of -q**3/3 + 5*q**2/2 - 2*q + 1. Let w be t(4). List the prime factors of (-36)/(-1*3) + w.
2, 7
Let t(c) = -c**3 - c**2 + 7*c + 7. List the prime factors of t(-5).
2, 3
Let t(z) = 1. Let m(w) = -w - 2. Let r(y) = m(y) - 4*t(y). Let o be r(-7). Suppose 5 + o = 3*d. List the prime factors of d.
2
Let f(m) = -3*m + 6. Let u be f(5). List the prime factors of (33/u)/(2/(-12)).
2, 11
Let n(z) = -5 - z + 6*z**2 - 2*z**3 - z + 3*z**3. Let u be n(-6). Let r(c) = -c**3 + 7*c**2 + 2*c - 8. What are the prime factors of r(u)?
2, 3
Let s(u) = -2*u**3 + u + 1. What are the prime factors of s(-1)?
2
Suppose -3*l + 16 = 2*f - 2, -24 = -4*l + f. Let u = l + 2. List the prime factors of u.
2
Let j = 15 + 2. What are the prime factors of j?
17
Suppose -4*g + 115 = g. What are the prime factors of g?
23
Let o(c) = 9*c - 9. List the prime factors of o(6).
3, 5
Suppose 3*c + 3*o + 0*o - 54 = 0, 4*c = -2*o + 78. List the prime factors of c.
3, 7
Let b(h) = h**3 - 2*h**2 + h + 3. Let j be b(3). List the prime factors of ((-10)/(-3))/(5/j).
2, 5
Let w(v) = -v**2 + 38*v + 92. What are the prime factors of w(23)?
19, 23
Let x be 4 + 3/(-3) + 2. Suppose b + b - 4*h - 10 = 0, -x*h + 72 = 4*b. List the prime factors of b.
13
Let f = 0 + 1. List the prime factors of 1*(f - 2)*-3.
3
Let m(g) = -1 - g + g + 2*g - 6. List the prime factors of m(6).
5
Let c be (2 - (-7)/(-3))*-21. Let l(w) = w + 3. What are the prime factors of l(c)?
2, 5
Let p be 22/(-12) + (-3)/18. Let b be (p + (2 - 1))*0. Suppose -2*v + 3*i = 7, -2*v - i + 10 + 3 = b. What are the prime factors of v?
2
Let l = 39 - 17. List the prime factors of l.
2, 11
Suppose -415 = 3*a - 5*d, 142 + 103 = -2*a - 3*d. List the prime factors of (a/(-39))/((-4)/(-18)).
3, 5
Let s(n) = -n**3 - 12*n**2 - 4*n - 17. Let c be s(-12). Suppose -2*g - 35 - 5 = 0. Let m = c + g. What are the prime factors of m?
11
Let o(m) be the third derivative of m**4/12 - m**3 + m**2. What are the prime factors of o(5)?
2
Let g(l) = -l - 2. Let c be g(-6). Suppose y + c*t + 1 = 51, -10 = -2*t. Suppose 3*n - y = n. List the prime factors of n.
3, 5
Suppose d + 3*i + 1 = i, 17 = 3*d - 4*i. Let g be 2/(1/(d/2)). List the prime factors of 8/(-6)*g/(-2).
2
Let b be (30/(-9))/(2/(-24)). Let p be b/22 + 2/11. Suppose -3*o = p - 8. List the prime factors of o.
2
Let k = 52 + -25. List the prime factors of k.
3
Suppose -2*p = -5*i + 38, 76 = -4*p + 3*i + i. Let m = p - -39. List the prime factors of m.
2, 5
Let h be -2 + (0/2 - -2). List the prime factors of h/5 + (6 - 0).
2, 3
Let n(x) = -x + 9. Let z be n(8). Let d(t) = -z - 7*t**2 + 2 + 2 - 6*t - 5*t**3 + 4*t**3. What are the prime factors of d(-6)?
3
Let w(c) = c**3 + 8*c**2 + 11. Suppose 0 = 5*v - 5*d, -41 = -4*v - 3*d - 6. Suppose 4*s - m + 35 = 0, -s - 3*m - v = -2*m. List the prime factors of w(s).
11
Let y(j) = j**2 + 8*j + 8. Let c be y(-6). Let a = 6 + c. Suppose 3*t + 4*q - 8 = -a, -4*t + 33 = -3*q. List the prime factors of t.
2, 3
Suppose 3*c - 6 = c + a, 0 = -4*c - 3*a + 22. Suppose q + c*q + 5 = 0. List the prime factors of 2 + 0/((-3)/q).
2
Let o(n) be the second derivative of n**4/12 - n**3/2 + 9*n**2/2 + 2*n. What are the prime factors of o(6)?
3
Suppose -4 + 0 = -g. Suppose 0 = -g*v + 12 + 88. List the prime factors of v.
5
Suppose 1 = -z - 2. Let h(l) = -l**3 - 3*l**2 - 2*l - 2. List the prime factors of h(z).
2
Let u = 12 + 9. What are the prime factors of u?
3, 7
Suppose 2*g + 6 = 4*q, -q - 6*g + 18 = -g. Let d be 2/(-3)*q*-7. Let v = d - 5. List the prime factors of v.
3
Let d(c) = -15*c - 13. Let r(m) = -23*m - 20. Let x(s) = -8*d(s) + 5*r(s). What are the prime factors of x(3)?
19
Let a be 1/(-2*3/(-12)). Suppose -a*d + 18 + 2 = 3*v, 0 = 3*v - 2*d - 40. Suppose 5*b = -0*b + v. List the prime factors of b.
2
Let v = 53 + -25. List the prime factors of v.
2, 7
Let p(c) = -c**2 - 8*c + 5. Let n be p(-8). Let b be (-52)/(-14) - (-2)/7. Suppose n*y - 11 = -4*w + 5, -2*w = b*y - 8. What are the prime factors of w?
2
Let w be (-23)/(-4) - 1/(-4). Let x = w + -2. Suppose -2*g + 3 + 25 = -x*t, -4*g = 3*t - 1. List the prime factors of g.
2
Let l(m) be the second derivative of -m**5/120 - 5*m**4/24 - m**3/6 - 2*m. Let h(p) be the second derivative of l(p). What are the prime factors of h(-8)?
3
Let u(t) = t**3 + t + 7. Let g be u(0). Let m = 5 - g. Let z = 5 + m. List the prime factors of z.
3
Suppose 7*i - 13*i = -90. What are the prime factors of i?
3, 5
Let y(c) = 2*c**2 - 16*c + 14. What are the prime factors of y(10)?
2, 3
Suppose 2*q + 2*q - 88 = u, -2*q - 330 = 5*u. What are the prime factors of (5/(-10))/(2/u)?
17
Let x = -55 - -78. List the prime factors of x.
23
Let k(b) = b**2 - 2*b + 3. Let h be k(3). List the prime factors of ((-4)/h + 1)*39.
13
Let s be 2/(-3) + (-51)/(-9). Suppose s*v - 49 - 146 = 0. List the prime factors of v.
3, 13
Suppose 7*g - 50 = -5*m + 4*g, g - 33 = -4*m. Suppose w - m = 6. Suppose 3*l - 27 = -3*q, 2*l - 11 - w = -3*q. What are the prime f